 + -119 + 6 + -3
8
What is the value of (28 - 2) + -19 - (16 + 0)?
-9
What is the value of 19 + -18 + 6 + (-5 - 2)?
0
What is 24 + -10 + -20 + -11?
-17
Evaluate (6 - (9 - 14)) + 1 + -18.
-6
What is the value of 3 + -26 + 116 + -106 + 4?
-9
(-1139 - -1143) + (0 - (2 - -11))
-9
What is the value of (-39 - (20 - 17)) + 47?
5
What is -1 + -3 + -183 + 153?
-34
Evaluate 6 + (-16 - (-2 - 2)) + 5 - -4.
3
What is the value of -17 + -14 + 14 + (10 - 2)?
-9
31 + -1 + -12 + -8 + -2 + 5
13
What is the value of -564 - -539 - (-26 - -1)?
0
Calculate -203 + 201 - (0 + -17).
15
What is (-157 - -167) + (-3 - 2)?
5
Calculate -14 + 1 - -12 - -25.
24
What is -73 - -77 - (29 + 0)?
-25
What is the value of -172 + 135 + (-1 - -8)?
-30
Evaluate (2 - -3 - 4 - 30) + (8 - 7).
-28
Calculate 1 + (4 - 14) + -4 + 6 + 16.
9
Evaluate 22 + -3 + 1 + 0 + -7 + -10.
3
What is the value of 0 + -15 - (19 + -16 + 6 + -17)?
-7
What is the value of (4 - (-13 - (14 + -29))) + (7 - 0)?
9
What is 9 + -4 + (-3 - -3) + -7?
-2
What is 9 + -39 + (15 + 14 - 14)?
-15
Evaluate 25 + -19 - 20 - -20.
6
(16 - 11) + 7 + 0
12
What is the value of 4 + (1 + 2 - 8) - -3?
2
What is (-2 - (-7 + 1)) + -8?
-4
What is (0 + 1 - 10) + 5 + 0 + -1?
-5
Evaluate -10 + (7 - (5 + 1 + 2)).
-11
Calculate ((39 - 4) + -16 - 10) + -14.
-5
6 - (-21 + 14 - -18)
-5
What is the value of -8 + -3 + 7 - -13?
9
26 + (13 - (12 + -4))
31
Calculate -3 + (2 - 4) + -70 + 134 + -27.
32
What is the value of -26 + 15 + 25 + -34?
-20
Evaluate 1 + -6 + 0 + 2 - 3.
-6
Calculate 18 + (-15 - 15) - (-6 + (-2 - 1)).
-3
Evaluate 0 - -11 - (3 + -1 + 1) - -4.
12
What is 1 - 17 - (365 + -381)?
0
-33 - (12 + -6) - -6
-33
(22 - (-6 + 20 + -8)) + -13 + 17
20
6 + 1 - (6 - 8 - -3)
6
5 + 14 + -11 + (0 - 8) + 14
14
What is the value of (26 - (-1 - -4)) + (-218 - -207)?
12
What is the value of -5 + (-1 - -1) - (-34 + 41 + -10)?
-2
What is -6 + (-113 - -133) + (-8 - 0)?
6
What is -1 - (-5 + (13 - 19))?
10
What is (4 - 2) + 31 + -41?
-8
What is -25 - (-7 - 0 - 10) - (-1 - 13)?
6
4 + -4 + 5 + -9 + 6
2
What is 2 + -16 - (-23 + 3)?
6
Calculate 5 + (-2 - 3) + -1 + (-11 - -3).
-9
-4 - (4 - (-34 - -27))
-15
-2 + (4 - 4 - (-6 - (1 - 1)))
4
Evaluate (20 + -18 - (21 - 4)) + 0 - -4.
-11
What is the value of 9 + -3 + 1 - (4 - 8)?
11
-1 + 8 + (-12 - (-1 - (1 + 2)))
-1
33 + (33 - (28 - -35))
3
5 + (18 - (-11 - -31)) - (10 - 0)
-7
What is (29 - 25) + (-1 + 2 - -6) - -1?
12
Evaluate 0 - -2 - (-94 + 107).
-11
Evaluate (-5 - -1) + (1 - (21 - 10)) + 21.
7
Evaluate 3 + -2 + (4 - 8) + -175 + 195.
17
Evaluate 23 + -23 + -5 + -28.
-33
What is the value of 20 + -3 + 3 + (-7 - (5 + -4))?
12
What is the value of -7 + (-15 + 38 - 13)?
3
What is the value of -2 + -4 - (-6 - -6) - -11?
5
-9 + (19 - (20 - 1))
-9
What is the value of (32 - (37 - -13)) + (-6 - 1) + -3?
-28
73 - 55 - (-3 + (4 - -2))
15
Evaluate 2 - (3 - 10) - (-58 - -66).
1
1 + 1 + 11 - (31 - (34 - 9))
7
2 + -28 + -6 + 10 - (4 - 2)
-24
What is the value of -39 + 7 + 22 + -15 + 0?
-25
(9 + -11 - -1) + -3
-4
-18 - ((-10 - 0) + (114 - 105))
-17
Calculate 0 + 0 - (-33 + (31 - -10)).
-8
Calculate 11 + -13 + 11 - 24 - (0 + -1).
-14
Evaluate -13 - (11 + 4) - (-11 + -5).
-12
What is the value of 18 - (-3 - -29 - 18)?
10
Calculate -13 + 18 + -27 - -6.
-16
What is the value of (-7 - -4) + -8 + -2 + 14 + 32?
33
Calculate (-19 + 8 - -11) + -29 - -3.
-26
Calculate 3 + 19 + 2 + (-20 - -18).
22
What is the value of -2 + 3 + 7 + (-4 - 1) + -10?
-7
Evaluate (-38 - -34) + (1 - 17) + 11 + -14.
-23
What is -354 + 357 + -1 + -1?
1
Evaluate (25 - 3) + 131 + -134.
19
Calculate ((-14 - 1) + -1 - (206 + -217)) + 10.
5
-4 - ((4 + -6 - 11) + 4)
5
What is the value of -8 + (11 - 0) + -8?
-5
Evaluate 19 - (-2 - (-10 - -4)).
15
What is the value of 10 + (54 + -65 - (-12 - 0))?
11
Evaluate -19 - -1 - (267 - 280).
-5
Evaluate -27 + 12 + -8 + 33.
10
What is the value of 10 - (0 + -3 + (18 - 10) + -8)?
13
What is -24 + -13 + 27 + 24?
14
What is the value of -5 + (-6 - (3 - 15)) - (-13 - -5)?
9
What is the value of 39 + -32 + 3 + -20?
-10
What is the value of 50 + -34 - (-5 + 4 + 7)?
10
Calculate -2 + (2 + -9 + 16 - 2 - 2).
3
(44 - 35) + 4 + 15
28
What is the value of (-1 - 0) + 11 + (-218 - -210)?
2
-1 - (4 + -16 + 19)
-8
Evaluate 34 + -11 + -19 + 1 + -7.
-2
Calculate (-1 - 2) + (14 - 10) - -6.
7
What is the value of 12 + 17 + -7 + -11 + 4 + 2?
17
Evaluate (-28 - -34) + (-2 - 14) + 10.
0
Evaluate -1 - (-5 - 5) - 12.
-3
Calculate 21 - ((-30 - 2) + 68).
-15
3 + 0 + -14 + 28 + -14
3
Calculate 17 + -5 - (18 + 1).
-7
What is -17 - (-1 + 1 + (36 + -28 - 10))?
-15
-6 + (-11 - -13) + -3 + 35
28
1 - (-1 - (14 - 6))
10
What is the value of (9 - 0) + -1 + 17 + -22?
3
Evaluate (-2 - 8) + 12 + -51 + 58.
9
Calculate -77 - -74 - (1 + (-2 - -3) + -1).
-4
2 + 10 - (-433 + 435)
10
-50 + 49 + (39 - 38 - (1 + 2))
-3
What is the value of (-14 - (1 + (-4 - 4))) + 1 + -4?
-10
What is (-1 - (-1 - 1)) + -6 - (-266 + 280)?
-19
Calculate -11 + (-47 - (27 - 61)).
-24
Calculate 11 - (-9 - (-20 - 6)).
-6
Calculate -15 + 15 + -5 + (2 - 4).
-7
Evaluate 14 + -6 + -1 - -4.
11
Calculate 2 + -7 - (-29 + 25).
-1
Evaluate 31 - (-13 + 27 - -27).
-10
Calculate -11 - (-15 + (4 - 0) - -10).
-10
Calculate (3 - 18) + 1 - -16.
2
817 - 821 - (8 - (0 + 2 + 0))
-10
Evaluate -1 + 7 - ((1 - -2) + -390 + 384).
9
Calculate (0 - (0 - 6)) + (27 - 29).
4
Calculate 5 + -5 - (38 - 32).
-6
Calculate -12 - (9 - 25) - 20.
-16
Calculate (-29 - -1) + 19 - (0 - -16).
-25
What is the value of (3 + 0 - 13) + (6 - -2)?
-2
Evaluate 7 + -8 + 2 - (10 - -3) - 0.
-12
What is -18 + 23 + 1 + (5 - 13)?
-2
Evaluate 8 + (-14 - (8 - (2 + -1))).
-13
What is 7 + -6 + 8 - -1 - 7?
3
Evaluate 11 + (34 - (-3 + 21)) - (8 - -1).
18
What is -1 + 5 - -16 - 13?
7
What is the value of 38 + (32 - 32) + -20?
18
What is the value of (7 + (-2 - -3) - (-155 + 158)) + -3?
2
What is the value of (-1 + -10 - 0) + 27?
16
Calculate (-18 + 7 - -12) + 7.
8
Calculate (5 - (2 - (-14 - -4))) + 10 - 15.
-12
(-3 - -1) + (6 - (0 - (19 - 26)))
-3
Calculate (12 - (-11 + (46 - 9))) + (4 - 8).
-18
What is -2 - (3 - 6) - 7 - (31 - 29)?
-8
Calculate -17 + 16 - 14 - -18.
3
What is the value of 13 - ((-24 - (-23 - -12)) + 18)?
8
What is the value of (-2 - -1) + (-14 - (-13 + 9))?
-11
What is the value of (52 - 55) + -1 + -5?
-9
Evaluate (64 - 63 - -2) + (-1 - (-1 + 7)).
-4
What is the value of 19 + (-52 - -44) + 19?
30
What is (0 - -8 - 3) + -14?
-9
What is 0 + 8 + -5 + 37 + -14 + -1?
25
1 - (-46 + 16 + 2)
29
Evaluate -33 - (-42 - 52 - -28).
33
-16 + 0 - (-48 + (2 - -41))
-11
Calculate -2 - -1 - ((1 - -1) + -8).
5
Calculate (3 - (25 + (-2 - 2))) + 5.
-13
Calculate (-3 - 5 - (1 + 5 + -8)) + -8.
-14
-12 + (5 + -7 - (1 + -5))
-10
What is (3 - 0 - -6) + -6?
3
What is -13 + 1 - -10 - -12?
10
Evaluate 4 + -7 + 7 + 12 + -5.
11
-399 + 394 - (2 - -1)
-8
Evaluate (1 - (4 - -3) - -2) + 10.
6
(-1 - 6 - (-7 + 3)) + 5 - 8
-6
Evaluate (-10 - -6) + 20 - 17.
-1
-101 + 106 + 2 + (14 - 7)
14
Evaluate -4 + 3 + 1 + (-40 - -32).
-8
What is the value of (-18 - -20) + (3 + 0 - 4) + -5?
-4
What is the value of -27 + 34 + -13 + 6?
0
What is the value of -8 + (10 - (2 + 0)) - 16?
-16
What is the value of (-7 + 0 - 0) + -107 + 109 + 5?
0
Evaluate (-16 - -7) + (12 - (8 + -23)).
18
What is the value of 0 + -15 + (14 - (12 + 11))?
-24
What is the value of (3 - (-4 - (-8 + 3))) + -79 + 78?
1
What is the value of (-12 - (0 + -4)) + 1 - -10?
3
Evaluate -9 + 10 - (6 - -1).
-6
What is the value of 27 + -3 + (6 - -4) + (-1 - 9)?
24
Calculate (6 - (1 + -1)) + (17 - (12 - -11)).
0
What is 1 - ((5 + -14 - -20) + -8) - 17?
-19
8 + 6 + (1 + -9 - -4)
10
Calculate -68 + 68 + (7 - 1).
6
Calculate 0 + -10 + (-667 - -680).
3
-6 + (1 - (-2 - -20)) + -8
-31
0 - 2 - (8 + -2 - 6 - 14)
12
Evaluate -16 + (23 - 33) + 4.
-22
Evaluate 5 + (3 - -6) + 2.
16
What is -20 - (9 + -38) - 20?
-11
What is ((-1 - -2) + -2 - 2) + (-16 - -21)?
2
Evaluate 9 + (-7 - (-3 - (13 + -6))).
12
Evaluate 5 - (1 + -6 - (35 - 38)) - 1.
6
Evaluate -8 + (3 - (-4 - 3) - -9).
11
What is -4 - (-3 + (14 - 5) + -9)?
-1
What is 19 + (-8 - 2) - (12 + (-3 - 3))?
3
-4 + (-10 - (-6 - 4))
-4
What is -15 + (22 + -7 - 1)?
-1
Calculate -1 + 6 + (-30 - (-18 - (-12 + 7))).
-12
(-39 - -6) + 39 + 21 + -2
25
What is -14 + 11 + -16 + 1 + -10?
-28
Evaluate 0 - -12 - 